hen u is divided by 1.
0
Let o be (11 + -2 + -1)/2. Suppose 3*m = -4*d - d + 33, -o*d = 4*m - 44. Suppose -5*j + 116 = m. What is the remainder when 61 is divided by j?
19
Let a(w) = 2*w + 1. Let b be a(6). Let t = -16 + 23. Let s = b - t. Calculate the remainder when 11 is divided by s.
5
What is the remainder when 17 is divided by (-7 - -3)*(-14)/8?
3
Let b = 86 - 36. Suppose 0 = -g + 5*c - 3, -g + 10 = -c - 3. Calculate the remainder when b is divided by g.
16
Let x(d) = -d**3 + 7*d**2 + 5*d + 4. Let b be x(5). Let l = b + -40. Suppose -5*a + l = t, -3*t + 35 = 4*a - 5. Calculate the remainder when 20 is divided by a.
6
Suppose -5*s - u + 74 = 0, -4*s + 56 = -3*u + 12. Let k be 3 - (-1)/2*0. Suppose k*t - 2*t = s. Calculate the remainder when t is divided by 8.
6
Let d(p) = -p**2 - p - 4. Let i be d(-4). What is the remainder when 15 is divided by ((-36)/16)/(6/i)?
3
Let i = 64 + -35. Calculate the remainder when i is divided by 16.
13
Suppose 0*w = 4*w - 220. What is the remainder when w is divided by 14?
13
Let c(u) = 7*u**2 + 2*u. What is the remainder when 19 is divided by c(-1)?
4
Suppose 0 = -x - x + 60. What is the remainder when 58 is divided by x?
28
Suppose 99 = 3*r - 0*r. Let h(t) = -5*t**2 + 3*t. Let s be h(3). Let g = 54 + s. Calculate the remainder when r is divided by g.
15
Suppose -2*i + 30 = 3*i. Let z be (2 - 82/(-4))*i. What is the remainder when 2/8 - z/(-4) is divided by 12?
10
Suppose u + 0*u = 3*c + 53, -5*u + 317 = -2*c. What is the remainder when u is divided by 33?
32
Let d = 4 + 1. Calculate the remainder when 9 is divided by d.
4
Let f(i) = -i**2 - 10*i - 12. Suppose 5*g = -5*x - 5, g - 8 - 3 = x. What is the remainder when (-22)/(-2*(-3)/x) is divided by f(-6)?
10
Let r = -45 + 75. What is the remainder when 146 is divided by r?
26
Let d(p) = 8*p + 1. What is the remainder when 24 is divided by d(1)?
6
Let m(i) = i**2 - 6*i - 8. Let o be m(7). Let k = -1 - o. Suppose z - 26 - 12 = k. What is the remainder when z is divided by 20?
18
Calculate the remainder when 89 is divided by (3 + 27)/(8/4).
14
Suppose 3*h + 5 = 5*c + h, -5*c = -h. What is the remainder when 2 is divided by 1 + (0 - (c + 1))?
0
Let n(m) = 3*m**3 - 4*m**2 + 2*m. What is the remainder when 130/(-4 + 9) + -4 is divided by n(2)?
10
Suppose 3*s + s - 25 = -3*k, 4*k + 5*s = 33. Let f(w) = -w**2 + 9*w + 12. Let o be 9*(2 + (1 - 2)). Calculate the remainder when f(o) is divided by k.
5
Let f = -1 - -4. Suppose f = 5*j - 52. Calculate the remainder when j is divided by 4.
3
Let j(i) = -i + 39. Calculate the remainder when 76 is divided by j(19).
16
Suppose -3*u = u. Let c = -39 - -57. Calculate the remainder when 1 - (-32 - u/3) is divided by c.
15
Suppose -5*y + 5*p - 3 + 23 = 0, 11 = 5*y + 4*p. Calculate the remainder when 4 is divided by y.
1
Let q = -258 - -130. Let k = 190 + q. Calculate the remainder when k is divided by 21.
20
What is the remainder when (42/8)/(15/10)*2 is divided by 5?
2
Suppose -z - 4 = -15. Let g = -6 + z. Calculate the remainder when 19 is divided by g.
4
Let s be 6/7*56/12. Suppose m + 7 = -2*p, -m + s*p + 18 = p. Suppose -2*n + 3 = 1. Calculate the remainder when m is divided by n.
0
Let f(d) = d**3 - d**2 - d - 15. Let m be f(0). Let n = m - -50. Calculate the remainder when n is divided by 12.
11
Let j = 1 - 0. Let c be (-2)/(-1)*(-1 - -2). Calculate the remainder when 32 is divided by ((-33)/(-6))/(j/c).
10
Suppose z + 2*z = 63. Let y = -180 + 126. Let f = -14 - y. What is the remainder when f is divided by z?
19
Suppose -4*r = 3*c - 58, 3*c + 54 = -3*r + 6*r. Calculate the remainder when r is divided by 9.
7
Let l(s) = s**3 - 18*s**2 + 21*s + 17. What is the remainder when l(17) is divided by 30?
25
Suppose -5*d - 3*x + 392 + 23 = 0, 4*d = -5*x + 332. What is the remainder when d is divided by 17?
15
Let g(f) = -25*f - 3. Calculate the remainder when g(-1) is divided by 12.
10
Suppose 18 = 5*o - 7. Calculate the remainder when 15 is divided by o.
0
What is the remainder when 25/2*(9 - -3) is divided by 38?
36
Let k(y) = -y**2 - 15*y - 45. What is the remainder when k(-9) is divided by 8?
1
What is the remainder when 37 is divided by (75/(-5))/((-3)/2)?
7
Suppose c - 3*l + 7 = 0, -c + 17 = -2*l + 5*l. Suppose -18 = -c*s - 3. Suppose 5*p + s = 43. What is the remainder when 22 is divided by p?
6
Suppose 4*y + 57 = -31. Let z = y - -56. Let d = 53 - z. What is the remainder when d is divided by 10?
9
Let h = -33 + 61. What is the remainder when h is divided by 10?
8
Let h = -26 + 41. Calculate the remainder when h is divided by 10.
5
Suppose -2*x - 3 = 3*l - 14, -4*l = 5*x - 10. Suppose 0 = -u - l + 8. Suppose u*t + 2*t = 250. What is the remainder when t is divided by 17?
16
Suppose 55 = 4*z + 4*o + 23, 0 = 2*z - 2*o - 4. Calculate the remainder when 17 is divided by z.
2
Suppose 0 = -5*s - 228 + 638. What is the remainder when s is divided by 21?
19
Let x = 21 - 7. What is the remainder when 41 is divided by x?
13
Let u be -1*(93 - (3 - 1)). What is the remainder when u/(-21)*(4 - 1) is divided by 5?
3
Let r = -23 + 2. What is the remainder when (18/r)/(1/(-21)) is divided by 51/5 - 2/10?
8
Let a = 13 - -5. Calculate the remainder when 69 is divided by a.
15
Let x = -5 - -7. Suppose 0*g - x*g + 8 = 0. Suppose -4*f + g*b + 20 = -0*b, f + 2*b + 4 = 0. What is the remainder when 2 is divided by f?
0
Let l(r) = r**2 + r. Let w be l(-5). Let p = w - 6. Let t(g) = g**3 + 5*g**2 - 6*g - 3. Calculate the remainder when t(-5) is divided by p.
13
Let i(n) = -n**2 - 18*n - 35. Calculate the remainder when 178 is divided by i(-8).
43
Suppose 0 = -x + 34 + 26. Calculate the remainder when x is divided by 22.
16
Let i(h) = -h**3 - 5*h**2 - 2*h - 6. What is the remainder when i(-5) is divided by 2?
0
Let m = -42 + 67. Suppose 6*l = l + m. Suppose 0 = -5*y + 10 + l. What is the remainder when 7 is divided by y?
1
Let l = 37 - 20. Calculate the remainder when 42 is divided by l.
8
Let k = -1 - 0. Let o(y) = y**2. Calculate the remainder when 6/(-27) + 11/9 is divided by o(k).
0
Let i be 0/1 - (1 - 3). Let w be 0/i - 0 - 3. Let m(k) = k**3 + 3*k**2 - 3*k. What is the remainder when 16 is divided by m(w)?
7
Let w(y) = 5*y**2 - 15*y + 13. Calculate the remainder when w(5) is divided by 6.
3
Suppose -2*i - 4*y = -y - 11, 5*y - 9 = -2*i. What is the remainder when 27 is divided by i?
6
Let w = 70 + -45. Let m = w - 12. What is the remainder when 38 is divided by m?
12
Let i(q) = 2*q + 7*q**2 + 6*q**2 + 12*q**2 + 2. What is the remainder when i(-2) is divided by 25?
23
Suppose 2*d = 3*d + l - 5, 22 = 3*d - 4*l. Calculate the remainder when 21 is divided by d.
3
Suppose 4*y - 5 = -y. Suppose -l + y = -1. What is the remainder when (-22)/(-5) - 4/10 is divided by l?
0
Suppose 5*u - 5*o = 230, -2*o + 3*o - 169 = -4*u. What is the remainder when u is divided by 11?
10
What is the remainder when -1*(-2)/8 - 309/(-12) is divided by 9?
8
Let t(l) = -l - 4. Let s be t(-10). Suppose 0 = -2*p - 4*v, -p - 6 - s = -2*v. Calculate the remainder when 7 is divided by 3/(p/4) + 5.
1
Let v be 2/4*-4 + -79. Let z be (-5)/((-60)/v)*4. What is the remainder when 26 is divided by 158/18 - 6/z?
8
Suppose 2*l - 12 = 3*l. What is the remainder when 29 is divided by (l/10)/((-42)/280)?
5
Let x(n) = n**2 - 6*n + 38. Calculate the remainder when x(0) is divided by 7.
3
Suppose -4*l + 3*b + 1 + 55 = 0, -53 = -3*l + 5*b. What is the remainder when l is divided by 5?
1
Let k be 10/(-35) - 443/(-7). Let x = k + -18. Calculate the remainder when x is divided by 12.
9
Suppose -26 = -3*b - 2*t + 44, t = -4. Calculate the remainder when 128 is divided by b.
24
Suppose -f + 2*f = 42. Let j(p) = p**3 - p**2 + 15. What is the remainder when f is divided by j(0)?
12
Let q(z) = z**3 + 14*z**2 - 18*z - 10. Calculate the remainder when q(-15) is divided by 20.
15
Calculate the remainder when ((-860)/35)/(2/(-7)) is divided by 30.
26
Let d(q) = -3*q - 2. Let r = -2 - -2. Suppose r = 5*x - 0*x - 90. What is the remainder when x is divided by d(-4)?
8
Let z(g) = g**3 - 4*g**2 - 10*g + 9. What is the remainder when 81 is divided by z(6)?
18
Let m(k) = -k**3 - 4*k**2 - 4*k + 1. Let c be (21/(-6) + 2)*2. Calculate the remainder when 11 is divided by m(c).
3
Let u(r) = -r**3 + 5*r**2 -